 when 1011276 is divided by 15339?
14241
What is the remainder when 1886076 is divided by 2399?
462
Calculate the remainder when 425864125 is divided by 39.
37
What is the remainder when 430836 is divided by 143192?
1260
Calculate the remainder when 39132509 is divided by 626.
623
Calculate the remainder when 3136854 is divided by 850.
354
Calculate the remainder when 471404 is divided by 5.
4
What is the remainder when 1578458 is divided by 22549?
28
What is the remainder when 656627 is divided by 146?
65
What is the remainder when 2775071 is divided by 48?
47
What is the remainder when 702851 is divided by 1330?
611
What is the remainder when 2510539 is divided by 2967?
457
Calculate the remainder when 10903452 is divided by 604.
44
What is the remainder when 5132446 is divided by 4016?
4014
What is the remainder when 103912 is divided by 552?
136
Calculate the remainder when 5586 is divided by 349.
2
What is the remainder when 72870652 is divided by 19?
9
Calculate the remainder when 5245068 is divided by 18732.
108
Calculate the remainder when 30908897 is divided by 67.
55
Calculate the remainder when 30902185 is divided by 5983.
5973
What is the remainder when 47770623 is divided by 625?
623
Calculate the remainder when 6699199 is divided by 2233055.
34
Calculate the remainder when 293542 is divided by 15362.
1664
Calculate the remainder when 60898527 is divided by 2706.
2703
What is the remainder when 1699278 is divided by 3332?
3290
Calculate the remainder when 23714928 is divided by 1693902.
300
Calculate the remainder when 8345628 is divided by 758693.
5
What is the remainder when 796041 is divided by 793887?
2154
Calculate the remainder when 2862976 is divided by 954279.
139
Calculate the remainder when 555667 is divided by 16342.
39
Calculate the remainder when 148908 is divided by 6203.
36
Calculate the remainder when 813871 is divided by 50862.
79
Calculate the remainder when 11902 is divided by 1248.
670
Calculate the remainder when 6949241 is divided by 183.
182
What is the remainder when 165129 is divided by 23525?
454
What is the remainder when 1641368 is divided by 559?
144
What is the remainder when 153133 is divided by 51044?
1
Calculate the remainder when 7533 is divided by 5682.
1851
Calculate the remainder when 1592111 is divided by 139.
5
What is the remainder when 833502 is divided by 578?
26
Calculate the remainder when 2488722 is divided by 80.
2
What is the remainder when 4319697 is divided by 21491?
6
What is the remainder when 312210 is divided by 637?
80
Calculate the remainder when 32621504 is divided by 344.
328
Calculate the remainder when 5490284 is divided by 3648.
44
Calculate the remainder when 67168732 is divided by 33.
4
What is the remainder when 150044 is divided by 2681?
2589
What is the remainder when 1079521 is divided by 272?
225
What is the remainder when 92845874 is divided by 75?
74
Calculate the remainder when 120046 is divided by 11969.
356
What is the remainder when 381304 is divided by 1333?
66
Calculate the remainder when 1876618 is divided by 44.
18
Calculate the remainder when 56037318 is divided by 6519.
6513
Calculate the remainder when 1263598 is divided by 999.
862
Calculate the remainder when 523519 is divided by 78.
61
Calculate the remainder when 330439 is divided by 6738.
277
Calculate the remainder when 61800870 is divided by 345.
330
What is the remainder when 1020128 is divided by 1019818?
310
What is the remainder when 2156090 is divided by 148?
26
What is the remainder when 55627156 is divided by 22?
2
What is the remainder when 1321397 is divided by 103?
10
Calculate the remainder when 88297965 is divided by 24.
21
Calculate the remainder when 33212 is divided by 697.
453
Calculate the remainder when 3036882 is divided by 607372.
22
What is the remainder when 74864041 is divided by 4990935?
16
What is the remainder when 63627 is divided by 500?
127
Calculate the remainder when 873171 is divided by 428.
51
What is the remainder when 1081623 is divided by 17444?
95
Calculate the remainder when 252794 is divided by 1830.
254
What is the remainder when 430450623 is divided by 62?
61
What is the remainder when 90206 is divided by 2787?
1022
What is the remainder when 165055 is divided by 27474?
211
What is the remainder when 1742658 is divided by 33511?
86
Calculate the remainder when 5268996 is divided by 3178.
3050
Calculate the remainder when 14838907 is divided by 846.
67
What is the remainder when 988717 is divided by 197737?
32
Calculate the remainder when 795175 is divided by 265031.
82
Calculate the remainder when 1044 is divided by 860.
184
Calculate the remainder when 28354 is divided by 9302.
448
Calculate the remainder when 128120 is divided by 1664.
1656
Calculate the remainder when 252428 is divided by 2576.
2556
Calculate the remainder when 648866 is divided by 40536.
290
Calculate the remainder when 8834145 is divided by 41.
39
Calculate the remainder when 19680244 is divided by 249117.
1
Calculate the remainder when 158599 is divided by 922.
15
Calculate the remainder when 26161658 is divided by 1587.
1550
Calculate the remainder when 2241677 is divided by 2463.
347
What is the remainder when 162703 is divided by 13?
8
What is the remainder when 155180 is divided by 4083?
26
What is the remainder when 105737822 is divided by 5982?
5972
What is the remainder when 784437 is divided by 387?
375
What is the remainder when 471254 is divided by 1008?
518
What is the remainder when 6818803 is divided by 21?
19
Calculate the remainder when 389852 is divided by 80.
12
Calculate the remainder when 302854714 is divided by 1283.
1281
What is the remainder when 75721 is divided by 464?
89
Calculate the remainder when 39756761 is divided by 21.
2
What is the remainder when 2260428 is divided by 1683?
159
Calculate the remainder when 130284 is divided by 2364.
264
Calculate the remainder when 109156 is divided by 605.
256
What is the remainder when 243695731 is divided by 2971899?
13
What is the remainder when 43548374 is divided by 195?
194
Calculate the remainder when 35101580 is divided by 702031.
30
What is the remainder when 72430688 is divided by 2069448?
8
What is the remainder when 1093616 is divided by 1324?
1316
What is the remainder when 50985259 is divided by 3011?
3007
Calculate the remainder when 1288191 is divided by 4.
3
Calculate the remainder when 3251371 is divided by 67.
62
Calculate the remainder when 307957 is divided by 2797.
287
Calculate the remainder when 18812422 is divided by 51260.
2
What is the remainder when 153303 is divided by 25441?
657
Calculate the remainder when 8819763 is divided by 2939891.
90
What is the remainder when 9379164 is divided by 2321?
3
What is the remainder when 2506054 is divided by 68?
50
What is the remainder when 4699860 is divided by 997?
2
What is the remainder when 22814602 is divided by 356478?
10
Calculate the remainder when 174482812 is divided by 3497.
3494
What is the remainder when 21394631 is divided by 189?
20
What is the remainder when 29238 is divided by 102?
66
Calculate the remainder when 357270 is divided by 29753.
234
Calculate the remainder when 3465696 is divided by 866288.
544
Calculate the remainder when 64219 is divided by 10702.
7
Calculate the remainder when 21662 is divided by 5302.
454
Calculate the remainder when 2210198 is divided by 552.
542
What is the remainder when 4141642438 is divided by 10?
8
Calculate the remainder when 36314732 is divided by 16.
12
What is the remainder when 459149 is divided by 504?
5
What is the remainder when 3421345 is divided by 148754?
3
What is the remainder when 1077672 is divided by 224?
8
What is the remainder when 528266 is divided by 1594?
652
Calculate the remainder when 327863 is divided by 9987.
8279
Calculate the remainder when 3546936 is divided by 149.
140
What is the remainder when 203562 is divided by 8479?
66
What is the remainder when 12875 is divided by 695?
365
What is the remainder when 50654112 is divided by 66826?
4
Calculate the remainder when 9250301 is divided by 74.
5
What is the remainder when 761307 is divided by 42?
15
What is the remainder when 49824288 is divided by 75836?
36
Calculate the remainder when 39315076 is divided by 2